 + 3. Let h(d) = -2*n(d) - 7*r(d). What is h(-1)?
11
Suppose 0 = 3*r + 2*g, -16 = -2*r + 2*g + 2*g. Let h(y) = -9 - 1 - y**r + 3. What is h(0)?
-7
Let y be (3 - -2)/(-1*1). Let q(j) = -6*j + 23*j**2 - 52*j**2 + 4 + 28*j**2. Determine q(y).
9
Suppose -3 + 6 = -2*z - w, 3*z + 22 = 2*w. Let n be (z/(-10))/((-1)/(-5)). Let k(g) = 4 - g**2 - n - 4*g - 2. Give k(-5).
-5
Let z be (-1)/(-4) - (-105)/60. Let m(b) = -b**3 + 13*b**2 - 26*b**2 + 12*b**z. Determine m(-1).
0
Let l(g) be the third derivative of g**6/120 + 3*g**5/20 + 11*g**4/24 + 2*g**3 + 16*g**2. Determine l(-8).
-12
Let p(c) = 2*c + 2. Let m be -3*4/3 - -2. Calculate p(m).
-2
Let u = 44 + -42. Let b(m) = -2*m**2 + 2*m. Calculate b(u).
-4
Let c(x) = x**3 - x**2 + 6. Let q(u) = u**3 - 5*u**2 - 5*u - 6. Let d be 2 - (6 - 2) - -8. Let l be q(d). Determine c(l).
6
Suppose 20 = 4*f - 2*t, -2*f + 2*t - 4 = -18. Let l(w) = -6*w**3 - 9*w**2 - w + 9. Let q(u) = 5*u**3 + 8*u**2 + u - 8. Let g(o) = -6*l(o) - 7*q(o). Give g(f).
8
Let q(o) = 6*o - 4. Let l be q(5). Suppose l = 4*i + 2*u + 4, -3*u = 3*i - 21. Let n(s) = -3 - 3 + s + i + 0*s. Determine n(4).
2
Let l be 11/2 + (-3)/(-6). Suppose 2*o = -r + l, 0 = -2*o - 2*o + 4*r. Let j(s) = -s**2 - s - 1 + o + 0*s. Determine j(2).
-5
Suppose -w - 7 = 3*i, -5*w - 3*i = -6*i - 19. Let t(n) = -n**3 + n**2 - 2*n. What is t(w)?
-8
Let g(c) = -c - 4. Suppose 6*n - 16 = 8. What is g(n)?
-8
Let l(f) = -f**3 + 6*f**2 - 5*f + 5. Let y be ((-2)/3)/(3/45). Let g be y/(3 + -7 - -2). Calculate l(g).
5
Let t(s) = 3*s**3 - 5*s**2 + 5*s + 11. Let r(g) = -g**3 + 2*g**2 - 2*g - 4. Let a(x) = -8*r(x) - 3*t(x). Determine a(-2).
1
Let j(i) = 7*i + 40. Let n be j(-6). Let v(m) = m**3 + m**2 + m + 2. Calculate v(n).
-4
Let h(a) = -a + 7. Let r(b) = b**3 - 5*b**2 - 6*b + 2. Let j be r(6). Suppose 2*g - 4*w - w = -5, -5*g = j*w - 31. Calculate h(g).
2
Let p(g) = g**2 - 3*g - 2. Let q be (-12)/(-7) + (-18)/(-63). What is p(q)?
-4
Let u(t) = 7*t**2 - 4. Let x(s) = 8*s**2 + s - 4. Let a(c) = -7*u(c) + 6*x(c). Calculate a(6).
4
Let d(j) = 3*j + 20. Let z(h) = -2*h + 1. Let c(p) = d(p) + z(p). Calculate c(0).
21
Suppose 9*n - 24 = 3*n. Let y(g) = 7 + 10*g**3 + 3*g - n - 11*g**3 + 5*g**2 - 8*g. Let a(j) = j**2 + 6*j + 4. Let q be a(-6). Give y(q).
-1
Let g(o) = 9 + o - 9. Suppose 0 = -5*q - 4*x - 8, q - 5*q + 6 = -3*x. Determine g(q).
0
Let j(d) = d**3 + 8*d**2 - d - 11. Let z be j(-8). Let s(f) = 2*f - 2. Determine s(z).
-8
Let l(d) be the second derivative of -d**3/2 - 3*d**2 - 14*d. Determine l(-7).
15
Let c = -4 + 8. Let n(g) be the third derivative of 0*g + 1/24*g**c + 0 - 2*g**2 - 1/2*g**3. Calculate n(3).
0
Let v(k) = 6*k - 6. Let w be v(2). Let s(o) = -2*o + 6. Determine s(w).
-6
Let h(o) = o - 4. Let i = 6 + -10. Let m = -5 + i. Let g = -5 - m. Give h(g).
0
Suppose -4*b - 12 = -b. Let c(v) = -v**3 + 5*v**2 - v + 3. Let o(n) = -n**3 + n**2 + n - 1. Let d(g) = -c(g) + 2*o(g). Give d(b).
-1
Suppose -q + 3*k - 2*k = 9, 3*q + 30 = 4*k. Let g(u) = u - 2. Determine g(q).
-8
Suppose 25*t = 30*t - 25. Let p(m) = 5*m**3 + 5*m**2 - 15*m + 7. Let n(z) = -2*z**3 - 3*z**2 + 7*z - 4. Let o(f) = 7*n(f) + 3*p(f). What is o(t)?
-12
Suppose 0*t - 3 = -t. Suppose -2*x = 5*q + 32, t*x + 0 + 2 = 4*q. Let o(d) = -d - 1. Give o(x).
5
Suppose 9*c - 7*c + 2 = 0. Let z(m) = -2*m**2. Calculate z(c).
-2
Let d(x) be the second derivative of -x**5/20 - x**4/3 + x**3/2 + x**2/2 - x. Let w = 3 + -1. Let m be 1 + w/(4/(-10)). What is d(m)?
-11
Let r(b) be the second derivative of -1/20*b**5 + 0 + 5/12*b**4 + 1/2*b**2 - 1/3*b**3 - b. What is r(2)?
9
Let b = 0 - 1. Let m(y) = -20*y**2 + y. Calculate m(b).
-21
Suppose s - 3*s + 40 = 0. Suppose 9*l - 4*l = -s. Let a(j) be the first derivative of j**4/4 + j**3 - 2*j**2 - j + 1. Determine a(l).
-1
Suppose -2*l - 2 + 6 = 0. Let p(x) be the third derivative of 0 - 1/60*x**5 - 1/24*x**4 + 0*x + 2*x**2 - 1/3*x**3. What is p(l)?
-8
Let r(l) = l - 3. Let h be r(0). Let n(p) = p**3 + 4*p**2 + 4*p + 3. Calculate n(h).
0
Let u(g) = -3*g + 0 + 6 - 3 + 0. Determine u(5).
-12
Let f = 4 - -1. Let q be (f - (2 + -2)) + 0. Let n(p) = -p + 1. Determine n(q).
-4
Let r(m) = -1 - 5 - m + 4. Give r(3).
-5
Let x(o) be the first derivative of 1/4*o**4 - 3/2*o**2 - 3*o - 1 - o**3. Calculate x(4).
1
Let w(s) = 2*s - 1. Let x be w(2). Let q(p) be the first derivative of 11 + 4*p - 1/2*p**2. Determine q(x).
1
Suppose -2*k + 4 = -6. Let h(l) = -l**2 + 2*l + 7 + 2*l - 4*l + 4*l. Give h(k).
2
Suppose 20*o - 21*o + 3 = 0. Let a(d) = 4*d - 6. Determine a(o).
6
Let o be ((-20)/(-7) + -2)/((-18)/126). Let p(n) be the second derivative of n**3/3 + 2*n**2 - 2*n. Give p(o).
-8
Let g(l) = -3*l - 1. Suppose 0 = -3*s - 2*s + 5. Suppose -3*r = -5*b, -5*b + 2*b = r. Let h be -1 - (1 - (b + s)). Calculate g(h).
2
Let t = -708 - -14169/20. Let m(a) be the second derivative of -1/12*a**4 - t*a**5 + 0 + 0*a**2 + 0*a**3 - 3*a. Give m(-1).
8
Let m be 15/(-6)*12/(-10). Suppose y = 2*y + m. Let g(f) be the first derivative of 2*f**3/3 + 5*f**2/2 + 3*f - 2. Determine g(y).
6
Let c(f) = -6*f**3 + 5*f + 4 + 2*f**2 - 3*f + 5*f**3. Suppose 5*p - z = -5*z + 27, 4*z - 18 = -2*p. Calculate c(p).
1
Let w(n) be the third derivative of n**8/20160 + n**7/1008 - n**6/72 + n**5/60 - n**2. Let r(a) be the third derivative of w(a). Give r(-7).
4
Suppose -2*d + 21 = h + d, 5*h - 5*d - 25 = 0. Let f = 9 - h. Let o(q) = q + 11. Calculate o(f).
11
Suppose 8 + 1 = -3*i. Let w(j) be the third derivative of j**5/120 - j**4/8 - j**3/3 + j**2. Let t(z) be the first derivative of w(z). Determine t(i).
-6
Let y(n) = 1 - 2 + 2 - n - n. Let x(d) = -d**2 + 7*d - 7. Let k be x(5). What is y(k)?
-5
Let h(n) = -n**2 - 7*n + 2. Let y = 190 + -197. What is h(y)?
2
Let s be ((-4)/18)/((-3)/27). Let v(u) = u**s + 3*u**2 + u**2. Suppose 4*b = 3*b - 1. Calculate v(b).
5
Let t(g) = g**2 + g. Suppose 3*w - 12 + 36 = -5*c, 3*w - 3*c + 24 = 0. Let f be 3*2*4/w. What is t(f)?
6
Let x(v) be the third derivative of v**4/24 - v**3/6 - v**2. Let g be (0 - -1)/(1/3). Let a be -3*2*(-4 + g). Give x(a).
5
Let y(m) = 3*m - 3. Suppose 0 - 16 = -8*i. Determine y(i).
3
Let b(g) be the second derivative of -g**4/12 - 5*g**3/6 + g**2 + 58*g. Give b(-4).
6
Let w(t) = t**3 - 7*t**2 + 5*t + 3. Let c be w(6). Let o(b) = 5*b**2 - 6*b + 2*b + b**3 - 3 - 3*b**2. Calculate o(c).
0
Let p = -9 - -15. Suppose 4*g + 2 = p. Let j(z) = 8*z**2 + 1. Determine j(g).
9
Let w(y) = 5*y - y**2 + 0*y - 2*y + 3. Let h(n) = -n - 10. Suppose -1 = -2*u - 17. Let f be h(u). Determine w(f).
-7
Suppose -4*k + 27 = -2*k + 3*s, -4*k + 5*s - 1 = 0. Let p(r) = r - 4. What is p(k)?
2
Let v(u) = -4 - 30*u + 16*u + 13*u. What is v(-6)?
2
Suppose -d = -5*d + 4. Let o(l) be the first derivative of 2*l**2 - l + 1. Calculate o(d).
3
Let f be 11/(-4)*-1*-4. Let z = 7 + f. Let p(r) = -r. Give p(z).
4
Let f(d) be the first derivative of -d**3/3 + 3*d**2/2 + 3*d - 1. Let x(i) = -2*i + 2*i**2 - 3 + 0*i + 5 - i**2. Let z be x(3). Give f(z).
-7
Let s(h) be the first derivative of -h**3/3 + 3*h**2 + h - 13. Give s(8).
-15
Let p(z) be the first derivative of z**3/3 - 2*z**2 + z + 1. Suppose 0 = 12*t - 7*t - 20. What is p(t)?
1
Let p be (9 - 12)*(-4)/6. Let q(z) = 4*z. Determine q(p).
8
Let l(p) = -p**3 + 8*p**2 - p + 5. Let s = 44 + -36. Calculate l(s).
-3
Let k(s) = s - 1. Let x be k(-1). Let y(b) = -b**2 - 5*b - 1. Give y(x).
5
Let v(m) = -3*m. Let a be (-30)/(-8) + (-1)/(-4). Suppose a*g - 2*o = -68, 0*g - 3*o = g + 3. Let b(n) = 21*n. Let j(q) = g*v(q) - 2*b(q). What is j(-1)?
-3
Let a(w) = w - 1. Let s(v) = v - 6. Let j(q) = -a(q) - s(q). Determine j(6).
-5
Suppose -5*n + 2*p + 16 = 0, 0 = n - 5*p + 3 + 3. Suppose -3*k - 2*g + 21 = g, 4*g - 13 = k. Let o(w) = w**2 + n*w + k*w - 3*w. Calculate o(-5).
5
Let h = 10 - 6. Let j(g) = 5*g + 3 - h*g + g - 4*g. Give j(5).
-7
Let s = 17 - 15. Let d(n) = n**3 + 2*n**2 - 3*n. What is d(s)?
10
Let w = -6 + 8. Suppose 0*h - 4 = w*h. Let s(v) = 0*v + 0*v + v + 1 - v**2. What is s(h)?
-5
Suppose 10 = 2*j - u - 0*u, 2*j = -2*u + 4. Suppose 6*i + 10 = j*i. Let a(n) = -n + 641 - 316 - 323. Determine a(i).
7
Let p(i) = 9*i**2 + 3. Let b(g) = -g**2 - 1. Suppose -5*n - 17 = -2*m + 6*m, -2*n + 4*m = -10. Let a(u) = n*p(u) - 3*b(u). What is a(1)?
-6
Suppose 2*a - a = 1. Let h(f) be 